{"id":1808,"date":"2020-10-06T08:18:00","date_gmt":"2020-10-06T08:18:00","guid":{"rendered":"https:\/\/falcchile.com\/lentes-intraoculares-insumos-oftalmologicos\/about-us\/"},"modified":"2024-09-25T00:52:04","modified_gmt":"2024-09-25T00:52:04","slug":"nosotros","status":"publish","type":"page","link":"https:\/\/falcchile.com\/lentes-intraoculares-insumos-oftalmologicos\/nosotros\/","title":{"rendered":"Nosotros"},"content":{"rendered":"\n<div class=\"wp-block-uagb-container uagb-block-afe50d5d alignfull uagb-is-root-container\"><div class=\"uagb-container-inner-blocks-wrap\">\n<div class=\"wp-block-uagb-advanced-heading uagb-block-e82abde7\"><h1 class=\"uagb-heading-text\">FalcChile<\/h1><p class=\"uagb-desc-text\"><strong>Falc Chile<\/strong> es una empresa familiar con m\u00e1s de <strong>15 a\u00f1os de experiencia<\/strong> dedicada a proveer productos de alta<strong> calidad certificada,<\/strong> para la mejora continua de la salud visual de los pacientes en Chile. Somos el distribuidor de productos l\u00edderes y de \u00faltima generaci\u00f3n, para el desarrollo de la cirug\u00eda ocular\/oft\u00e1lmica en Chile<\/p><\/div>\n<\/div><\/div>\n\n\n\n<div class=\"wp-block-uagb-container uagb-block-a732b12a alignfull uagb-is-root-container\"><div class=\"uagb-container-inner-blocks-wrap\">\n<div class=\"wp-block-uagb-container uagb-block-1bfeddd9\">\n<div class=\"wp-block-uagb-advanced-heading uagb-block-3f549f7d\"><h2 class=\"uagb-heading-text\"><strong>Nuestro compromiso:<\/strong><\/h2><p class=\"uagb-desc-text\">En Falc Chile, nos apasiona brindar a los profesionales de la salud visual en Chile el acceso a los mejores productos y tecnolog\u00edas disponibles en el mercado internacional.<\/p><\/div>\n\n\n\n<div class=\"wp-block-uagb-advanced-heading uagb-block-1d952c94\"><p class=\"uagb-heading-text\"> Nuestro objetivo es contribuir a mejorar la calidad de vida de los pacientes, poniendo a disposici\u00f3n de los profesionales, las mejores tecnolog\u00edas e insumos para la salud ocular en el pa\u00eds.<\/p><\/div>\n\n\n\n<div class=\"wp-block-uagb-container uagb-block-10186cd6 alignfull uagb-is-root-container\"><div class=\"uagb-container-inner-blocks-wrap\"><\/div><\/div>\n<\/div>\n\n\n\n<div class=\"wp-block-uagb-container uagb-block-877d4a49\">\n<div class=\"wp-block-uagb-image uagb-block-e71c5262 wp-block-uagb-image--layout-default wp-block-uagb-image--effect-static wp-block-uagb-image--align-none\"><figure class=\"wp-block-uagb-image__figure\"><img decoding=\"async\" srcset=\"https:\/\/falcchile.com\/lentes-intraoculares-insumos-oftalmologicos\/wp-content\/uploads\/2024\/04\/pexels-photo-256380-1024x576.jpeg ,https:\/\/falcchile.com\/lentes-intraoculares-insumos-oftalmologicos\/wp-content\/uploads\/2024\/04\/pexels-photo-256380.jpeg 780w, https:\/\/falcchile.com\/lentes-intraoculares-insumos-oftalmologicos\/wp-content\/uploads\/2024\/04\/pexels-photo-256380.jpeg 360w\" sizes=\"auto, (max-width: 480px) 150px\" src=\"https:\/\/falcchile.com\/lentes-intraoculares-insumos-oftalmologicos\/wp-content\/uploads\/2024\/04\/pexels-photo-256380-1024x576.jpeg\" alt=\"Extreme Close-up of Woman Eye\" class=\"uag-image-6\" width=\"1024\" height=\"576\" title=\"pexels-photo-256380\" loading=\"lazy\" role=\"img\"\/><\/figure><\/div>\n<\/div>\n<\/div><\/div>\n\n\n\n<div class=\"wp-block-uagb-container uagb-block-f25a98a7 alignfull uagb-is-root-container\"><div class=\"uagb-container-inner-blocks-wrap\">\n<div class=\"wp-block-uagb-advanced-heading uagb-block-c37671b1\"><h2 class=\"uagb-heading-text\"><strong>\u00bfPor qu\u00e9 elegir FalcChile?<\/strong><\/h2><p class=\"uagb-desc-text\">Ofrecemos productos de alta calidad de marcas internacionales renombradas.<\/p><\/div>\n\n\n\n<div class=\"wp-block-uagb-container uagb-block-22a4d92a alignfull uagb-is-root-container\"><div class=\"uagb-container-inner-blocks-wrap\">\n<div class=\"wp-block-uagb-container uagb-block-a649262e\">\n<div class=\"wp-block-uagb-info-box uagb-block-693dc957 uagb-infobox__content-wrap  uagb-infobox-icon-above-title uagb-infobox-image-valign-top\"><div class=\"uagb-ifb-content\"><div class=\"uagb-ifb-icon-wrap\"><div class=\"uagb-iconbox-icon-wrap uagb-infobox-shape-circle\"><svg xmlns=\"https:\/\/www.w3.org\/2000\/svg\" viewBox=\"0 0 512 512\"><path d=\"M160 320h12v16c0 8.875 7.125 16 16 16h40c8.875 0 16-7.125 16-16V320H256c17.62 0 32-14.38 32-32V64c0-17.62-14.38-32-32-32V16C256 7.125 248.9 0 240 0h-64C167.1 0 160 7.125 160 16V32C142.4 32 128 46.38 128 64v224C128 305.6 142.4 320 160 320zM464 448h-1.25C493.2 414 512 369.2 512 320c0-105.9-86.13-192-192-192v64c70.63 0 128 57.38 128 128s-57.38 128-128 128H48C21.5 448 0 469.5 0 496C0 504.9 7.125 512 16 512h480c8.875 0 16-7.125 16-16C512 469.5 490.5 448 464 448zM104 416h208c4.375 0 8-3.625 8-8v-16c0-4.375-3.625-8-8-8h-208C99.63 384 96 387.6 96 392v16C96 412.4 99.63 416 104 416z\"><\/path><\/svg><\/div><\/div><div class=\"uagb-ifb-title-wrap\"><h3 class=\"uagb-ifb-title\"><strong>Productos de alta calidad certificada:<\/strong><\/h3><\/div><p class=\"uagb-ifb-desc\">Todos nuestros productos cumplen con los est\u00e1ndares internacionales m\u00e1s exigentes, garantizando su seguridad, eficacia y rendimiento.<\/p><\/div><\/div>\n<\/div>\n\n\n\n<div class=\"wp-block-uagb-container uagb-block-6fbd760c\">\n<div class=\"wp-block-uagb-info-box uagb-block-3c0e7df8 uagb-infobox__content-wrap  uagb-infobox-icon-above-title uagb-infobox-image-valign-top\"><div class=\"uagb-ifb-content\"><div class=\"uagb-ifb-icon-wrap\"><div class=\"uagb-iconbox-icon-wrap uagb-infobox-shape-circle\"><svg xmlns=\"https:\/\/www.w3.org\/2000\/svg\" viewBox=\"0 0 448 512\"><path d=\"M50.73 58.53C58.86 42.27 75.48 32 93.67 32H208V160H0L50.73 58.53zM240 160V32H354.3C372.5 32 389.1 42.27 397.3 58.53L448 160H240zM448 416C448 451.3 419.3 480 384 480H64C28.65 480 0 451.3 0 416V192H448V416z\"><\/path><\/svg><\/div><\/div><div class=\"uagb-ifb-title-wrap\"><h3 class=\"uagb-ifb-title\"><strong>Amplia gama de productos:<\/strong><\/h3><\/div><p class=\"uagb-ifb-desc\">Ofrecemos una amplia gama de productos para cirug\u00eda oft\u00e1lmica en Chile, satisfaciendo las necesidades de todos nuestros clientes.<\/p><\/div><\/div>\n<\/div>\n\n\n\n<div class=\"wp-block-uagb-container uagb-block-fb1e5e4c\">\n<div class=\"wp-block-uagb-info-box uagb-block-2e85d500 uagb-infobox__content-wrap  uagb-infobox-icon-above-title uagb-infobox-image-valign-top\"><div class=\"uagb-ifb-content\"><div class=\"uagb-ifb-icon-wrap\"><div class=\"uagb-iconbox-icon-wrap uagb-infobox-shape-circle\"><svg xmlns=\"https:\/\/www.w3.org\/2000\/svg\" viewBox=\"0 0 512 512\"><path d=\"M480 32H128C110.3 32 96 46.33 96 64v336C96 408.8 88.84 416 80 416S64 408.8 64 400V96H32C14.33 96 0 110.3 0 128v288c0 35.35 28.65 64 64 64h384c35.35 0 64-28.65 64-64V64C512 46.33 497.7 32 480 32zM272 416h-96C167.2 416 160 408.8 160 400C160 391.2 167.2 384 176 384h96c8.836 0 16 7.162 16 16C288 408.8 280.8 416 272 416zM272 320h-96C167.2 320 160 312.8 160 304C160 295.2 167.2 288 176 288h96C280.8 288 288 295.2 288 304C288 312.8 280.8 320 272 320zM432 416h-96c-8.836 0-16-7.164-16-16c0-8.838 7.164-16 16-16h96c8.836 0 16 7.162 16 16C448 408.8 440.8 416 432 416zM432 320h-96C327.2 320 320 312.8 320 304C320 295.2 327.2 288 336 288h96C440.8 288 448 295.2 448 304C448 312.8 440.8 320 432 320zM448 208C448 216.8 440.8 224 432 224h-256C167.2 224 160 216.8 160 208v-96C160 103.2 167.2 96 176 96h256C440.8 96 448 103.2 448 112V208z\"><\/path><\/svg><\/div><\/div><div class=\"uagb-ifb-title-wrap\"><h3 class=\"uagb-ifb-title\"><strong>Precios competitivos:<\/strong><\/h3><\/div><p class=\"uagb-ifb-desc\">Ofrecemos precios competitivos en todos nuestros productos.<\/p><\/div><\/div>\n<\/div>\n\n\n\n<div class=\"wp-block-uagb-container uagb-block-95713a51\">\n<div class=\"wp-block-uagb-info-box uagb-block-70da13a7 uagb-infobox__content-wrap  uagb-infobox-icon-above-title uagb-infobox-image-valign-top\"><div class=\"uagb-ifb-content\"><div class=\"uagb-ifb-icon-wrap\"><div class=\"uagb-iconbox-icon-wrap uagb-infobox-shape-circle\"><svg xmlns=\"https:\/\/www.w3.org\/2000\/svg\" viewBox=\"0 0 640 512\"><path d=\"M622.3 271.1l-115.1-45.01c-4.125-1.629-12.62-3.754-22.25 0L369.8 271.1C359 275.2 352 285.1 352 295.1c0 111.6 68.75 188.8 132.9 213.9c9.625 3.75 18 1.625 22.25 0C558.4 489.9 640 420.5 640 295.1C640 285.1 633 275.2 622.3 271.1zM496 462.4V273.2l95.5 37.38C585.9 397.8 530.6 446 496 462.4zM224 256c70.7 0 128-57.31 128-128S294.7 0 224 0C153.3 0 96 57.31 96 128S153.3 256 224 256zM320.6 310.3C305.9 306.3 290.6 304 274.7 304H173.3C77.61 304 0 381.7 0 477.4C0 496.5 15.52 512 34.66 512H413.3c3.143 0 5.967-1.004 8.861-1.789C369.7 469.8 324.1 400.3 320.6 310.3z\"><\/path><\/svg><\/div><\/div><div class=\"uagb-ifb-title-wrap\"><h3 class=\"uagb-ifb-title\"><strong>Atenci\u00f3n personalizada:<\/strong><\/h3><\/div><p class=\"uagb-ifb-desc\">Contamos con un equipo de profesionales altamente capacitados que se encargar\u00e1 de brindarle la mejor atenci\u00f3n personalizada.<\/p><\/div><\/div>\n<\/div>\n<\/div><\/div>\n<\/div><\/div>\n","protected":false},"excerpt":{"rendered":"<p>FalcChile Falc Chile es una empresa familiar con m\u00e1s de 15 a\u00f1os de experiencia dedicada a proveer productos de alta calidad certificada, para la mejora continua de la salud visual de los pacientes en Chile. Somos el distribuidor de productos l\u00edderes y de \u00faltima generaci\u00f3n, para el desarrollo de la cirug\u00eda ocular\/oft\u00e1lmica en Chile Nuestro [&hellip;]<\/p>\n","protected":false},"author":1,"featured_media":0,"parent":0,"menu_order":0,"comment_status":"closed","ping_status":"closed","template":"","meta":{"_uag_custom_page_level_css":"","site-sidebar-layout":"no-sidebar","site-content-layout":"plain-container","ast-site-content-layout":"normal-width-container","site-content-style":"unboxed","site-sidebar-style":"unboxed","ast-global-header-display":"","ast-banner-title-visibility":"","ast-main-header-display":"","ast-hfb-above-header-display":"","ast-hfb-below-header-display":"","ast-hfb-mobile-header-display":"","site-post-title":"disabled","ast-breadcrumbs-content":"","ast-featured-img":"disabled","footer-sml-layout":"","ast-disable-related-posts":"","theme-transparent-header-meta":"enabled","adv-header-id-meta":"","stick-header-meta":"","header-above-stick-meta":"","header-main-stick-meta":"","header-below-stick-meta":"","astra-migrate-meta-layouts":"set","ast-page-background-enabled":"default","ast-page-background-meta":{"desktop":{"background-color":"","background-image":"","background-repeat":"repeat","background-position":"center center","background-size":"auto","background-attachment":"scroll","background-type":"","background-media":"","overlay-type":"","overlay-color":"","overlay-opacity":"","overlay-gradient":""},"tablet":{"background-color":"","background-image":"","background-repeat":"repeat","background-position":"center center","background-size":"auto","background-attachment":"scroll","background-type":"","background-media":"","overlay-type":"","overlay-color":"","overlay-opacity":"","overlay-gradient":""},"mobile":{"background-color":"","background-image":"","background-repeat":"repeat","background-position":"center center","background-size":"auto","background-attachment":"scroll","background-type":"","background-media":"","overlay-type":"","overlay-color":"","overlay-opacity":"","overlay-gradient":""}},"ast-content-background-meta":{"desktop":{"background-color":"var(--ast-global-color-5)","background-image":"","background-repeat":"repeat","background-position":"center center","background-size":"auto","background-attachment":"scroll","background-type":"","background-media":"","overlay-type":"","overlay-color":"","overlay-opacity":"","overlay-gradient":""},"tablet":{"background-color":"var(--ast-global-color-5)","background-image":"","background-repeat":"repeat","background-position":"center center","background-size":"auto","background-attachment":"scroll","background-type":"","background-media":"","overlay-type":"","overlay-color":"","overlay-opacity":"","overlay-gradient":""},"mobile":{"background-color":"var(--ast-global-color-5)","background-image":"","background-repeat":"repeat","background-position":"center center","background-size":"auto","background-attachment":"scroll","background-type":"","background-media":"","overlay-type":"","overlay-color":"","overlay-opacity":"","overlay-gradient":""}},"_themeisle_gutenberg_block_has_review":false,"_joinchat":[],"footnotes":""},"class_list":["post-1808","page","type-page","status-publish","hentry"],"yoast_head":"<!-- This site is optimized with the Yoast SEO plugin v27.4 - https:\/\/yoast.com\/product\/yoast-seo-wordpress\/ -->\n<title>Nosotros - FalcChile<\/title>\n<meta name=\"description\" content=\"Falc Chile es una empresa familiar con m\u00e1s de 15 a\u00f1os de experiencia dedicada a proveer productos de alta calidad certificada, para la mejora continua de la salud visual de los pacientes en Chile.\" \/>\n<meta name=\"robots\" content=\"index, follow, max-snippet:-1, max-image-preview:large, max-video-preview:-1\" \/>\n<link rel=\"canonical\" href=\"https:\/\/falcchile.com\/lentes-intraoculares-insumos-oftalmologicos\/nosotros\/\" \/>\n<meta property=\"og:locale\" content=\"es_ES\" \/>\n<meta property=\"og:type\" content=\"article\" \/>\n<meta property=\"og:title\" content=\"Nosotros - FalcChile\" \/>\n<meta property=\"og:description\" content=\"Falc Chile es una empresa familiar con m\u00e1s de 15 a\u00f1os de experiencia dedicada a proveer productos de alta calidad certificada, para la mejora continua de la salud visual de los pacientes en Chile.\" \/>\n<meta property=\"og:url\" content=\"https:\/\/falcchile.com\/lentes-intraoculares-insumos-oftalmologicos\/nosotros\/\" \/>\n<meta property=\"og:site_name\" content=\"FalcChile\" \/>\n<meta property=\"article:modified_time\" content=\"2024-09-25T00:52:04+00:00\" \/>\n<meta property=\"og:image\" content=\"https:\/\/falcchile.com\/lentes-intraoculares-insumos-oftalmologicos\/wp-content\/uploads\/2024\/04\/pexels-photo-256380-1024x576.jpeg\" \/>\n<meta name=\"twitter:card\" content=\"summary_large_image\" \/>\n<meta name=\"twitter:label1\" content=\"Tiempo de lectura\" \/>\n\t<meta name=\"twitter:data1\" content=\"2 minutos\" \/>\n<script type=\"application\/ld+json\" class=\"yoast-schema-graph\">{\"@context\":\"https:\\\/\\\/schema.org\",\"@graph\":[{\"@type\":\"WebPage\",\"@id\":\"https:\\\/\\\/falcchile.com\\\/lentes-intraoculares-insumos-oftalmologicos\\\/nosotros\\\/\",\"url\":\"https:\\\/\\\/falcchile.com\\\/lentes-intraoculares-insumos-oftalmologicos\\\/nosotros\\\/\",\"name\":\"Nosotros - FalcChile\",\"isPartOf\":{\"@id\":\"https:\\\/\\\/falcchile.com\\\/lentes-intraoculares-insumos-oftalmologicos\\\/#website\"},\"primaryImageOfPage\":{\"@id\":\"https:\\\/\\\/falcchile.com\\\/lentes-intraoculares-insumos-oftalmologicos\\\/nosotros\\\/#primaryimage\"},\"image\":{\"@id\":\"https:\\\/\\\/falcchile.com\\\/lentes-intraoculares-insumos-oftalmologicos\\\/nosotros\\\/#primaryimage\"},\"thumbnailUrl\":\"https:\\\/\\\/falcchile.com\\\/lentes-intraoculares-insumos-oftalmologicos\\\/wp-content\\\/uploads\\\/2024\\\/04\\\/pexels-photo-256380-1024x576.jpeg\",\"datePublished\":\"2020-10-06T08:18:00+00:00\",\"dateModified\":\"2024-09-25T00:52:04+00:00\",\"description\":\"Falc Chile es una empresa familiar con m\u00e1s de 15 a\u00f1os de experiencia dedicada a proveer productos de alta calidad certificada, para la mejora continua de la salud visual de los pacientes en Chile.\",\"breadcrumb\":{\"@id\":\"https:\\\/\\\/falcchile.com\\\/lentes-intraoculares-insumos-oftalmologicos\\\/nosotros\\\/#breadcrumb\"},\"inLanguage\":\"es\",\"potentialAction\":[{\"@type\":\"ReadAction\",\"target\":[\"https:\\\/\\\/falcchile.com\\\/lentes-intraoculares-insumos-oftalmologicos\\\/nosotros\\\/\"]}]},{\"@type\":\"ImageObject\",\"inLanguage\":\"es\",\"@id\":\"https:\\\/\\\/falcchile.com\\\/lentes-intraoculares-insumos-oftalmologicos\\\/nosotros\\\/#primaryimage\",\"url\":\"https:\\\/\\\/falcchile.com\\\/lentes-intraoculares-insumos-oftalmologicos\\\/wp-content\\\/uploads\\\/2024\\\/04\\\/pexels-photo-256380-1024x576.jpeg\",\"contentUrl\":\"https:\\\/\\\/falcchile.com\\\/lentes-intraoculares-insumos-oftalmologicos\\\/wp-content\\\/uploads\\\/2024\\\/04\\\/pexels-photo-256380-1024x576.jpeg\"},{\"@type\":\"BreadcrumbList\",\"@id\":\"https:\\\/\\\/falcchile.com\\\/lentes-intraoculares-insumos-oftalmologicos\\\/nosotros\\\/#breadcrumb\",\"itemListElement\":[{\"@type\":\"ListItem\",\"position\":1,\"name\":\"Portada\",\"item\":\"https:\\\/\\\/falcchile.com\\\/lentes-intraoculares-insumos-oftalmologicos\\\/\"},{\"@type\":\"ListItem\",\"position\":2,\"name\":\"Nosotros\"}]},{\"@type\":\"WebSite\",\"@id\":\"https:\\\/\\\/falcchile.com\\\/lentes-intraoculares-insumos-oftalmologicos\\\/#website\",\"url\":\"https:\\\/\\\/falcchile.com\\\/lentes-intraoculares-insumos-oftalmologicos\\\/\",\"name\":\"FalcChile\",\"description\":\"Proveemos insumos de calidad para el cuidado de la salud ocular en Chile.\",\"publisher\":{\"@id\":\"https:\\\/\\\/falcchile.com\\\/lentes-intraoculares-insumos-oftalmologicos\\\/#organization\"},\"potentialAction\":[{\"@type\":\"SearchAction\",\"target\":{\"@type\":\"EntryPoint\",\"urlTemplate\":\"https:\\\/\\\/falcchile.com\\\/lentes-intraoculares-insumos-oftalmologicos\\\/?s={search_term_string}\"},\"query-input\":{\"@type\":\"PropertyValueSpecification\",\"valueRequired\":true,\"valueName\":\"search_term_string\"}}],\"inLanguage\":\"es\"},{\"@type\":\"Organization\",\"@id\":\"https:\\\/\\\/falcchile.com\\\/lentes-intraoculares-insumos-oftalmologicos\\\/#organization\",\"name\":\"FalcChile\",\"url\":\"https:\\\/\\\/falcchile.com\\\/lentes-intraoculares-insumos-oftalmologicos\\\/\",\"logo\":{\"@type\":\"ImageObject\",\"inLanguage\":\"es\",\"@id\":\"https:\\\/\\\/falcchile.com\\\/lentes-intraoculares-insumos-oftalmologicos\\\/#\\\/schema\\\/logo\\\/image\\\/\",\"url\":\"https:\\\/\\\/falcchile.com\\\/lentes-intraoculares-insumos-oftalmologicos\\\/wp-content\\\/uploads\\\/2024\\\/08\\\/cropped-falc-web-lentes-intraoculares-insumos-oftalmologicos.jpg\",\"contentUrl\":\"https:\\\/\\\/falcchile.com\\\/lentes-intraoculares-insumos-oftalmologicos\\\/wp-content\\\/uploads\\\/2024\\\/08\\\/cropped-falc-web-lentes-intraoculares-insumos-oftalmologicos.jpg\",\"width\":999,\"height\":333,\"caption\":\"FalcChile\"},\"image\":{\"@id\":\"https:\\\/\\\/falcchile.com\\\/lentes-intraoculares-insumos-oftalmologicos\\\/#\\\/schema\\\/logo\\\/image\\\/\"}}]}<\/script>\n<!-- \/ Yoast SEO plugin. -->","yoast_head_json":{"title":"Nosotros - FalcChile","description":"Falc Chile es una empresa familiar con m\u00e1s de 15 a\u00f1os de experiencia dedicada a proveer productos de alta calidad certificada, para la mejora continua de la salud visual de los pacientes en Chile.","robots":{"index":"index","follow":"follow","max-snippet":"max-snippet:-1","max-image-preview":"max-image-preview:large","max-video-preview":"max-video-preview:-1"},"canonical":"https:\/\/falcchile.com\/lentes-intraoculares-insumos-oftalmologicos\/nosotros\/","og_locale":"es_ES","og_type":"article","og_title":"Nosotros - FalcChile","og_description":"Falc Chile es una empresa familiar con m\u00e1s de 15 a\u00f1os de experiencia dedicada a proveer productos de alta calidad certificada, para la mejora continua de la salud visual de los pacientes en Chile.","og_url":"https:\/\/falcchile.com\/lentes-intraoculares-insumos-oftalmologicos\/nosotros\/","og_site_name":"FalcChile","article_modified_time":"2024-09-25T00:52:04+00:00","og_image":[{"url":"https:\/\/falcchile.com\/lentes-intraoculares-insumos-oftalmologicos\/wp-content\/uploads\/2024\/04\/pexels-photo-256380-1024x576.jpeg","type":"","width":"","height":""}],"twitter_card":"summary_large_image","twitter_misc":{"Tiempo de lectura":"2 minutos"},"schema":{"@context":"https:\/\/schema.org","@graph":[{"@type":"WebPage","@id":"https:\/\/falcchile.com\/lentes-intraoculares-insumos-oftalmologicos\/nosotros\/","url":"https:\/\/falcchile.com\/lentes-intraoculares-insumos-oftalmologicos\/nosotros\/","name":"Nosotros - FalcChile","isPartOf":{"@id":"https:\/\/falcchile.com\/lentes-intraoculares-insumos-oftalmologicos\/#website"},"primaryImageOfPage":{"@id":"https:\/\/falcchile.com\/lentes-intraoculares-insumos-oftalmologicos\/nosotros\/#primaryimage"},"image":{"@id":"https:\/\/falcchile.com\/lentes-intraoculares-insumos-oftalmologicos\/nosotros\/#primaryimage"},"thumbnailUrl":"https:\/\/falcchile.com\/lentes-intraoculares-insumos-oftalmologicos\/wp-content\/uploads\/2024\/04\/pexels-photo-256380-1024x576.jpeg","datePublished":"2020-10-06T08:18:00+00:00","dateModified":"2024-09-25T00:52:04+00:00","description":"Falc Chile es una empresa familiar con m\u00e1s de 15 a\u00f1os de experiencia dedicada a proveer productos de alta calidad certificada, para la mejora continua de la salud visual de los pacientes en Chile.","breadcrumb":{"@id":"https:\/\/falcchile.com\/lentes-intraoculares-insumos-oftalmologicos\/nosotros\/#breadcrumb"},"inLanguage":"es","potentialAction":[{"@type":"ReadAction","target":["https:\/\/falcchile.com\/lentes-intraoculares-insumos-oftalmologicos\/nosotros\/"]}]},{"@type":"ImageObject","inLanguage":"es","@id":"https:\/\/falcchile.com\/lentes-intraoculares-insumos-oftalmologicos\/nosotros\/#primaryimage","url":"https:\/\/falcchile.com\/lentes-intraoculares-insumos-oftalmologicos\/wp-content\/uploads\/2024\/04\/pexels-photo-256380-1024x576.jpeg","contentUrl":"https:\/\/falcchile.com\/lentes-intraoculares-insumos-oftalmologicos\/wp-content\/uploads\/2024\/04\/pexels-photo-256380-1024x576.jpeg"},{"@type":"BreadcrumbList","@id":"https:\/\/falcchile.com\/lentes-intraoculares-insumos-oftalmologicos\/nosotros\/#breadcrumb","itemListElement":[{"@type":"ListItem","position":1,"name":"Portada","item":"https:\/\/falcchile.com\/lentes-intraoculares-insumos-oftalmologicos\/"},{"@type":"ListItem","position":2,"name":"Nosotros"}]},{"@type":"WebSite","@id":"https:\/\/falcchile.com\/lentes-intraoculares-insumos-oftalmologicos\/#website","url":"https:\/\/falcchile.com\/lentes-intraoculares-insumos-oftalmologicos\/","name":"FalcChile","description":"Proveemos insumos de calidad para el cuidado de la salud ocular en Chile.","publisher":{"@id":"https:\/\/falcchile.com\/lentes-intraoculares-insumos-oftalmologicos\/#organization"},"potentialAction":[{"@type":"SearchAction","target":{"@type":"EntryPoint","urlTemplate":"https:\/\/falcchile.com\/lentes-intraoculares-insumos-oftalmologicos\/?s={search_term_string}"},"query-input":{"@type":"PropertyValueSpecification","valueRequired":true,"valueName":"search_term_string"}}],"inLanguage":"es"},{"@type":"Organization","@id":"https:\/\/falcchile.com\/lentes-intraoculares-insumos-oftalmologicos\/#organization","name":"FalcChile","url":"https:\/\/falcchile.com\/lentes-intraoculares-insumos-oftalmologicos\/","logo":{"@type":"ImageObject","inLanguage":"es","@id":"https:\/\/falcchile.com\/lentes-intraoculares-insumos-oftalmologicos\/#\/schema\/logo\/image\/","url":"https:\/\/falcchile.com\/lentes-intraoculares-insumos-oftalmologicos\/wp-content\/uploads\/2024\/08\/cropped-falc-web-lentes-intraoculares-insumos-oftalmologicos.jpg","contentUrl":"https:\/\/falcchile.com\/lentes-intraoculares-insumos-oftalmologicos\/wp-content\/uploads\/2024\/08\/cropped-falc-web-lentes-intraoculares-insumos-oftalmologicos.jpg","width":999,"height":333,"caption":"FalcChile"},"image":{"@id":"https:\/\/falcchile.com\/lentes-intraoculares-insumos-oftalmologicos\/#\/schema\/logo\/image\/"}}]}},"uagb_featured_image_src":{"full":false,"thumbnail":false,"medium":false,"medium_large":false,"large":false,"1536x1536":false,"2048x2048":false},"uagb_author_info":{"display_name":"Seo-MKT-FalcChile","author_link":"https:\/\/falcchile.com\/lentes-intraoculares-insumos-oftalmologicos\/author\/seo-mkt-falcchile\/"},"uagb_comment_info":0,"uagb_excerpt":"FalcChile Falc Chile es una empresa familiar con m\u00e1s de 15 a\u00f1os de experiencia dedicada a proveer productos de alta calidad certificada, para la mejora continua de la salud visual de los pacientes en Chile. Somos el distribuidor de productos l\u00edderes y de \u00faltima generaci\u00f3n, para el desarrollo de la cirug\u00eda ocular\/oft\u00e1lmica en Chile Nuestro&hellip;","_links":{"self":[{"href":"https:\/\/falcchile.com\/lentes-intraoculares-insumos-oftalmologicos\/wp-json\/wp\/v2\/pages\/1808","targetHints":{"allow":["GET"]}}],"collection":[{"href":"https:\/\/falcchile.com\/lentes-intraoculares-insumos-oftalmologicos\/wp-json\/wp\/v2\/pages"}],"about":[{"href":"https:\/\/falcchile.com\/lentes-intraoculares-insumos-oftalmologicos\/wp-json\/wp\/v2\/types\/page"}],"author":[{"embeddable":true,"href":"https:\/\/falcchile.com\/lentes-intraoculares-insumos-oftalmologicos\/wp-json\/wp\/v2\/users\/1"}],"replies":[{"embeddable":true,"href":"https:\/\/falcchile.com\/lentes-intraoculares-insumos-oftalmologicos\/wp-json\/wp\/v2\/comments?post=1808"}],"version-history":[{"count":6,"href":"https:\/\/falcchile.com\/lentes-intraoculares-insumos-oftalmologicos\/wp-json\/wp\/v2\/pages\/1808\/revisions"}],"predecessor-version":[{"id":2247,"href":"https:\/\/falcchile.com\/lentes-intraoculares-insumos-oftalmologicos\/wp-json\/wp\/v2\/pages\/1808\/revisions\/2247"}],"wp:attachment":[{"href":"https:\/\/falcchile.com\/lentes-intraoculares-insumos-oftalmologicos\/wp-json\/wp\/v2\/media?parent=1808"}],"curies":[{"name":"wp","href":"https:\/\/api.w.org\/{rel}","templated":true}]}}